at is 12001201111202202 + -11?
12001201111202121
In base 9, what is -21772 + 115?
-21656
In base 16, what is a7e - 72f?
34f
In base 11, what is 152a + 5a870?
6129a
In base 10, what is 582721 + -575?
582146
In base 14, what is 2a8d3 + -47?
2a88a
In base 15, what is 177c6 + -7ce?
16ee7
In base 8, what is 4 + -440647611?
-440647605
In base 9, what is 354440040 + 5?
354440045
In base 13, what is 50b63433 - 1?
50b63432
In base 7, what is 3 + -240564160?
-240564154
In base 4, what is 321313 + 1101031?
2023010
In base 10, what is 46 - 452797?
-452751
In base 13, what is -147 + 2ba25?
2b8ab
In base 6, what is 0 - 2540424111?
-2540424111
In base 12, what is 4aba4b + -2?
4aba49
In base 16, what is -2c3 - -131ed?
12f2a
In base 3, what is -2120221201 - 10111110?
-2201110011
In base 5, what is 1 + 311341324?
311341330
In base 9, what is 10266540 - -14?
10266554
In base 9, what is 682086 + 717?
682814
In base 12, what is 23 + 407ba7?
40800a
In base 14, what is -1adb - 226cd?
-243ca
In base 3, what is -12122110202 + -10200120?
-12210011022
In base 13, what is -bc - -12963?
12874
In base 13, what is -350 - -3a25?
36a5
In base 3, what is 11201101101100 - 10100?
11201101021000
In base 11, what is 4aaa0 + -16?
4aa85
In base 10, what is 0 - 11782864?
-11782864
In base 10, what is 373386 - -40?
373426
In base 12, what is 30 - -14baa65?
14baa95
In base 12, what is -16 - -8091?
8077
In base 10, what is -4468 + 428?
-4040
In base 5, what is -1 + 24304320?
24304314
In base 16, what is -124 + 15630e?
1561ea
In base 16, what is 94 + -97cc56?
-97cbc2
In base 10, what is 5 - 133479238?
-133479233
In base 16, what is 66e - -4257?
48c5
In base 9, what is -184657 - -2224?
-182433
In base 6, what is 101441 + -14004?
43433
In base 10, what is 91404 - -1367?
92771
In base 9, what is 1085 - 134210?
-133114
In base 16, what is 2b8 - 5069?
-4db1
In base 16, what is 2 - -125bb67?
125bb69
In base 6, what is 1331255 + -11201?
1320054
In base 13, what is -1b74 + 697?
-14aa
In base 2, what is -101001100001001010 - -100?
-101001100001000110
In base 15, what is -30 - 2e4aa?
-2e4da
In base 8, what is 7 - 31067673?
-31067664
In base 7, what is 53 + 205003302?
205003355
In base 15, what is -263 - 1805?
-1a68
In base 12, what is -19 + -4647b?
-46498
In base 5, what is -2244434313 - -13?
-2244434300
In base 11, what is -19a9 - 5662?
-7560
In base 10, what is 1 + -1166188?
-1166187
In base 10, what is -131 + -131817?
-131948
In base 7, what is 126 - 2502024?
-2501565
In base 16, what is -124918c + -4?
-1249190
In base 10, what is -5224116 - -4?
-5224112
In base 3, what is 1002022202 - -102020?
1002201222
In base 8, what is -4 + 7204010?
7204004
In base 8, what is 1553 - 3726?
-2153
In base 9, what is -4 - -4210341?
4210336
In base 8, what is -3 - -44521513?
44521510
In base 11, what is 5791725 - -21?
5791746
In base 14, what is -37c5d + -78?
-37cd7
In base 15, what is -6da - 25624?
-25d0e
In base 13, what is 14919ab4 - 8?
14919aa9
In base 5, what is -403402040320 + -12?
-403402040332
In base 11, what is 133254 - -12?
133266
In base 7, what is -3110555 - 122?
-3111010
In base 13, what is 1a56673 + -16?
1a5665a
In base 3, what is -121122010 + 1122211?
-112222022
In base 7, what is -330462340 - 4?
-330462344
In base 16, what is 19b38 + 24d?
19d85
In base 8, what is -440721 - 214?
-441135
In base 2, what is -11101101000001 + 1001001?
-11101011111000
In base 5, what is -111102143 - -12121?
-111040022
In base 8, what is 641417 - -5?
641424
In base 14, what is -5b56c + -253?
-5b7c1
In base 13, what is -1a747 - -2184?
-18593
In base 8, what is 2 - 13460444?
-13460442
In base 2, what is -1100101000101 - 100000001100110?
-101100110101011
In base 4, what is 231322 - -3021332?
3313320
In base 6, what is 3 - -421335122?
421335125
In base 5, what is 24321 - 12410132?
-12330311
In base 9, what is -7848 - -81117?
72158
In base 14, what is 9d8 + 447c0?
453b8
In base 15, what is -98 + -1db86?
-1dc2e
In base 6, what is -13 + 423002040?
423002023
In base 4, what is 11300 + -23211203?
-23133303
In base 9, what is 65808683 + 4?
65808687
In base 11, what is -9322 - 693a8?
-7771a
In base 10, what is -6681 + -3724?
-10405
In base 10, what is 1972 + -9750?
-7778
In base 3, what is -100000002120221 + 0?
-100000002120221
In base 5, what is -11141034203204 - -3?
-11141034203201
In base 7, what is -265406 + 5565?
-256511
In base 7, what is 203 - -134534615?
134535121
In base 2, what is -100100001 + 10100000011101011010?
10100000011000111001
In base 13, what is -30 + 743c1?
74391
In base 7, what is -11214 - 11360?
-22604
In base 8, what is 20157625 - -42?
20157667
In base 10, what is -205039 + -1886?
-206925
In base 16, what is 5 - -1443fc0a?
1443fc0f
In base 12, what is -5705111 + -4?
-5705115
In base 8, what is -124667 + -1607?
-126476
In base 10, what is -96 + 2389481?
2389385
In base 7, what is 54046511 - 66?
54046412
In base 8, what is 43254233 - -2?
43254235
In base 10, what is 1 + -28793243?
-28793242
In base 13, what is -1 - 3c79939?
-3c7993a
In base 11, what is 1190 + -2380?
-11a0
In base 11, what is -54 + -2226957?
-2226a00
In base 3, what is -120200112020 - 0?
-120200112020
In base 14, what is 68063a + 52?
68068c
In base 10, what is 299 - 17872?
-17573
In base 5, what is -14 - -41120031210?
41120031141
In base 14, what is -76656 + 9?
-7664b
In base 7, what is 21 - 2556552?
-2556531
In base 7, what is 543 - 33652164?
-33651321
In base 15, what is c604292 + -6?
c60428b
In base 13, what is 533650 + 4?
533654
In base 8, what is -10 + -51342765?
-51342775
In base 5, what is 4303102 - -3213?
4311320
In base 2, what is 10011000100101100 - -101011011?
10011001010000111
In base 11, what is 144a5508 - 6?
144a5502
In base 3, what is 20 + -1012021202212220?
-1012021202212200
In base 7, what is -1 + -2505311054?
-2505311055
In base 16, what is -275f073 - 3?
-275f076
In base 8, what is 311 + 1225?
1536
In base 2, what is -100 + 11000010110111100100110?
11000010110111100100010
In base 3, what is 11 + -2012022210212200?
-2012022210212112
In base 3, what is 120201002221 - 101222?
120200200222
In base 15, what is 5 + -9447208?
-9447203
In base 14, what is 4 - ca1709d?
-ca17099
In base 7, what is -4 - 54454064?
-54454101
In base 2, what is 10000000011111111 + -1110111?
10000000010001000
In base 6, what is 255 - -23350455?
23351154
In base 8, what is -2654 - 257031?
-261705
In base 6, what is -114 + 2145150?
2145032
In base 2, what is 1101011011011101 + -1110101000000?
1011100110011101
In base 13, what is -161a + -2acb4?
-2c601
In base 5, what is -2004 - -441230?
434221
In base 9, what is 5775 + -840?
4835
In base 16, what is 1542 - -27d4?
3d16
In base 10, what is -110041 + 117?
-109924
In base 9, what is -6225 - -2841?
-3274
In base 7, what is -411 - -120646?
120235
In base 7, what is -225151004 + 5?
-225150666
In base 13, what is -17c8 - -6420?
4925
In base 11, what is 166264405 - -3?
166264408
In base 5, what is -3202143440 - -31?
-3202143404
In base 4, what is -1330 + -2110230?
-2112220
In base 9, what is 250521 - 50?
250461
In base 4, what is 112100 + -1100131?
-322031
In base 13, what is 1 + 2bc90019?
2bc9001a
In base 4, what is -2000330031 + 3?
-2000330022
In base 14, what is b9 - 1745?
-166a
In base 16, what is 2933748d + 3?
29337490
In base 11, what is 2294 - a428?
-8144
In base 7, what is 256426 + 12601?
302330
In base 2, what is -10000 + -100001100010110001011010?
-100001100010110001101010
In base 14, what is -166 + 277dd1?
277c69
In base 13, what is 2550 - -4271?
67c1
In base 8, what is -147 + 3717156?
3717007
In base 13, what is 240 - -923c?
947c
In base 6, what is 135 - -23124332?
23124511
In base 2, what is 100100101 - -10110011001001100?
10110011101110001
In base 11, what is -311 + -684?
-995
In base 13, what is -14a36 + 190?
-14876
In base 14, what is -b52c6 - 5d?
-b5345
In base 2, what is -1110001110111101101111010 + 11?
-1110001110111101101110111
In base 8, what is 2126744 + 22?
2126766
In base 16, what is d + 1e6ad?
1e6ba
In base 7, what is 1 + -360625?
-360624
In base 6, what is -233101323131 + 5?
-233101323122
In base 13, what is c424 - -269?
c690
In base 2, what is -101001000 + 1000100?
-100000100
In base 6, what is -45 + -11020245?
-11020334
In base 11, what is -28319 - 58a7?
-33115
In base 16, what is -